se w = 4*l - 6, w + 4*l = -2*w + 14. What is the greatest common divisor of w and u?
1
Let n(r) be the first derivative of 17*r**3 - 3*r**2/2 - 4*r + 9. Let t be n(-1). What is the highest common divisor of 10 and t?
10
Let f = -326 - -345. Calculate the greatest common factor of f and 38.
19
Suppose 2*m + 1360 = 10*m. Let p be (-116)/(-12) - (1 - 2)/3. Calculate the highest common divisor of m and p.
10
Let p(v) = -18*v + 2. Let f be p(-1). Suppose i + 0*i - 4 = 0. Let z = f + i. What is the highest common divisor of 12 and z?
12
Let y = -906 - -1137. What is the highest common factor of 33 and y?
33
Suppose 0 = -13*s + 16*s - 1995. Let g = -445 + s. Suppose 4*d = -d + g. What is the highest common divisor of 11 and d?
11
Let q(o) = -3*o**3 - o**2 + 15*o + 11. Let a be q(-6). Calculate the highest common factor of 82 and a.
41
Suppose 2*f + z + z = 48, 0 = 2*z + 8. Let t be (1*36)/(21/f). Calculate the greatest common divisor of t and 8.
8
Let d = -204 + 406. Suppose 6*j = d + 44. Let i = j + 11. Calculate the highest common divisor of 130 and i.
26
Suppose -5*h + 4*q = 2 + 1, 3*q = -5*h + 11. Suppose 38 = 3*l - 2*w, 4*l + 0*w - 5*w = 60. Calculate the highest common factor of h and l.
1
Let s = 400 - 376. Let z = -2 - -12. Let m be 80/((z/(-3))/(-5)). What is the greatest common factor of s and m?
24
Suppose 12*c - 51 = 45. Calculate the greatest common divisor of 108 and c.
4
Suppose 4*b - 37 - 5 = -t, 4*b - 3*t - 18 = 0. Let d be 4*2/(-5)*-5. Suppose -h + d = a, 3*h - 41 = a - 13. Calculate the greatest common factor of h and b.
9
Let f = 767 + -747. Suppose -4*h - m = -7 - 4, -4*m + 12 = 0. Suppose 12 = -5*y + z + 62, 20 = h*y + 3*z. Calculate the highest common factor of y and f.
10
Let v = -12 - -40. Suppose 5*x + 24 = c, -4*x = 4*c - 7*x - v. Calculate the greatest common factor of 64 and c.
4
Let n(h) = -h**3 + 12*h**2 - 12*h + 1. Let x be n(11). Let o be 41*(1 - 0) - 10/x. Calculate the highest common factor of o and 210.
42
Suppose -5*l = -5*k - 45, -7*k - 6 = -4*k + 4*l. Let y be 90/11 - k/(-33). Calculate the highest common divisor of y and 104.
8
Suppose 2*o = -5*a + 196 + 34, -235 = -5*a - o. Calculate the highest common divisor of 36 and a.
12
Let r be 5 + (-2241)/(-63) - (-3)/7. What is the greatest common factor of 41 and r?
41
Suppose -4*y + 64 = -4*k, 9*k = 4*y + 4*k - 69. Let u = 270 + -193. What is the greatest common factor of u and y?
11
Suppose -n - 117 = -3*u, -2*u - n = -0*n - 73. Let b = 16 - 14. Let r be -38*(-2 - (-1)/b). What is the highest common divisor of u and r?
19
Let k = -5 + -1. Let q be (-1 - k)*(8 + -7). What is the highest common divisor of 1 and q?
1
Suppose 4*f - 125 = q + 635, 0 = -4*f + 2*q + 764. What is the highest common divisor of 84 and f?
21
Suppose 2*x - 6 = 0, 3801 = 3*i - 93*x + 95*x. Calculate the highest common factor of 55 and i.
55
Let y(g) = -9*g + 35. Let j be y(-10). Let v be (-1044)/(-21) + (-6)/(-21). What is the highest common factor of v and j?
25
Suppose 7*j - 74 = -2*o, 0*o - j - 222 = -5*o. What is the highest common factor of o and 20?
4
Suppose 0 = -u - 5*n + 116, -3*u + n + 443 = u. Calculate the greatest common factor of u and 37.
37
Suppose 94*g - 134 = 31 + 23. Let h(q) = -q**3 + 4*q**2 + 2*q - 6. Let a be h(4). What is the greatest common factor of a and g?
2
Let z = 79 + -44. Suppose 2*u - z - 19 = 0. What is the greatest common factor of 45 and u?
9
Let n be ((-12)/8)/((-12)/40). Suppose -3*b + 45 = 2*b - q, b - n*q + 15 = 0. Calculate the greatest common divisor of b and 70.
10
Let q be ((-20)/6)/((-14)/399). Let p = q - 38. What is the highest common divisor of 38 and p?
19
Suppose 0 = -180*x + 175*x + 25. Calculate the highest common divisor of x and 3.
1
Let z = -15 + 22. Let p(x) = -x**2 - 8*x - 11. Let l be p(-6). Calculate the greatest common factor of l and z.
1
Suppose -2*l = 2*c - 29 + 3, 5*l - 69 = -3*c. What is the highest common divisor of 435 and l?
15
Suppose 0 = 3*i - i - 22. Suppose 0 = -2*x - 0*x + 5*d + 178, 4*x + 4*d = 412. Calculate the highest common divisor of i and x.
11
Let g be (-3)/6 + 5/2. Suppose -g*v + 0*v = -2. Let c be (17/85)/(3/60*4). Calculate the greatest common divisor of v and c.
1
Suppose r - 5*t = 6*r - 680, -4*r = -2*t - 544. Calculate the greatest common divisor of 17 and r.
17
Let i be (-134)/(-8) - (-69)/(-92). What is the greatest common factor of i and 2?
2
Let i be 0 + 1/(-2)*0/(-1). Let f = i + 9. What is the greatest common divisor of f and 9?
9
Let r = 43 + -37. Suppose 4*y - 388 - 20 = 0. What is the highest common divisor of r and y?
6
Let k(d) = -d**2 + 9*d - 14. Let t be k(6). Let q(f) = 3*f - 2. Let r be q(t). Calculate the greatest common divisor of r and 30.
10
Let t(p) = -641*p - 4. Let a be t(-1). What is the highest common divisor of 49 and a?
49
Let w(t) be the second derivative of 3*t**3/2 - 15*t**2 + 13*t. Let i be w(8). What is the greatest common factor of 28 and i?
14
Let d(v) = 0*v - v**3 - 84*v**2 - v + 90*v**2 - 4. Let y be d(3). Calculate the greatest common divisor of y and 30.
10
Let g = -81 - -184. Suppose -17 - g = -5*i. Calculate the greatest common divisor of i and 64.
8
Let c = 249 - 200. What is the highest common factor of 7 and c?
7
Let k be (-42 - 6)*(-30)/8. What is the greatest common factor of 9 and k?
9
Suppose -540 = -3*k + 6*c, -4*k + 768 = 4*c - 0*c. Let p(x) = 2*x**3 - 5*x**2 + x - 5. Let m be p(4). Calculate the greatest common factor of k and m.
47
Let q(i) = -5*i**3 - 63*i**2 - 31*i + 96. Let b be q(-12). Let d be 6 - (1 + 0)/1. Let a be -1 - 1*-11*d. Calculate the greatest common divisor of b and a.
18
Let b(d) = -d**3 + 4*d**2 + 5*d + 5. Let u = 10 - 5. Let s be b(u). Suppose 2*c = -4*i + 40, 12 + 23 = 3*c + i. Calculate the greatest common factor of c and s.
5
Suppose 2*h - 72 = -h. Suppose -t = 2*b - h, -t + 29 = -0*t - 3*b. Let i be (-530)/(-300)*22 - (-2)/15. What is the highest common factor of t and i?
13
Let n = 2 + 1. Suppose 6*i = -2*p + 4*i + 20, 3*i - 41 = -4*p. Suppose -2*j + p = 7. What is the greatest common factor of j and n?
1
Suppose 4*o - 16 = -2*a + 48, -o = a - 29. Calculate the greatest common divisor of a and 2.
2
Let n(y) = 2*y**3 - 2*y**2 + 11*y - 8. Let d be n(3). What is the greatest common divisor of 2623 and d?
61
Suppose -3*n + 360 = n. Suppose -56 = -4*p + w, 4*p - 27 = -w + 29. Suppose p = -3*f + 44. What is the highest common divisor of n and f?
10
Let f(g) = g**3 + 8*g**2 + 2*g - 3. Let y be f(-6). Let n = y - 17. Calculate the highest common divisor of 440 and n.
40
Let x be ((-3)/9)/((-4 + 2)/270). Suppose x = -0*w + w + c, 2*w = 2*c + 86. Calculate the greatest common factor of w and 22.
22
Suppose 0 = -2*r - r + 3*d - 255, 0 = -2*r - 3*d - 155. Let m = r + 88. Calculate the highest common factor of m and 21.
3
Let u = -269 + 456. What is the highest common factor of 34 and u?
17
Let f(a) be the second derivative of 17*a**4/12 - a**3/3 + a**2 - 2*a. Let p be f(1). Suppose -6*h + p + 61 = 0. What is the highest common divisor of h and 52?
13
Let a(b) = -76*b - 756. Let f be a(-10). Calculate the highest common divisor of 44 and f.
4
Let z = -105 - -110. Suppose z*j - 49 = -2*u, -j + 71 = 4*u - 0*j. Calculate the highest common factor of 136 and u.
17
Suppose 0 = -128*o + 37*o + 1092. What is the highest common factor of o and 23?
1
Let a be 2*2/4 + -3 + -1. Let t be (-12)/(-4) - (-351 + a). What is the highest common factor of 51 and t?
51
Suppose 0 = -2*x - 2*x + 5*k + 1754, -3*x + 1313 = -5*k. What is the highest common divisor of x and 9?
9
Suppose -i + 5*a + 32 - 9 = 0, 0 = -2*i - 5*a + 1. Calculate the highest common divisor of i and 1576.
8
Let t(s) = s**2 + 8*s - 19. Let f be t(5). What is the highest common factor of 23 and f?
23
Suppose -t = -2*t - 11. Let c = t + 8. Let v be 3/c*23*-1. What is the greatest common factor of 161 and v?
23
Suppose 2*w = 114 + 470. What is the highest common factor of 73 and w?
73
Let r = 66 + -12. What is the highest common factor of 270 and r?
54
Let y(b) = b**2 + 20*b - 23. Let g be y(-23). Calculate the greatest common divisor of 414 and g.
46
Suppose 29 = 5*b - 116. Let r = 20 - b. Let p be 111*((-33)/r)/1. Calculate the highest common divisor of 37 and p.
37
Let k(w) = -w**2 + 12. Let u be 